 divided by 347?
295
Calculate the remainder when 53393 is divided by 667.
33
What is the remainder when 56668 is divided by 7081?
20
What is the remainder when 28158 is divided by 20?
18
Calculate the remainder when 3032 is divided by 164.
80
What is the remainder when 13153 is divided by 5?
3
Calculate the remainder when 30044 is divided by 154.
14
What is the remainder when 37222 is divided by 194?
168
Calculate the remainder when 88188 is divided by 63.
51
What is the remainder when 3207 is divided by 130?
87
What is the remainder when 38176 is divided by 43?
35
What is the remainder when 86327 is divided by 18?
17
What is the remainder when 19240 is divided by 61?
25
What is the remainder when 790019 is divided by 7670?
9
Calculate the remainder when 6501 is divided by 1305.
1281
What is the remainder when 14506 is divided by 1603?
79
Calculate the remainder when 19490 is divided by 6460.
110
What is the remainder when 2165830 is divided by 296?
294
What is the remainder when 2865 is divided by 878?
231
What is the remainder when 591585 is divided by 147891?
21
What is the remainder when 59553 is divided by 59545?
8
What is the remainder when 58393 is divided by 17?
15
Calculate the remainder when 261694 is divided by 464.
462
Calculate the remainder when 166684 is divided by 6945.
4
Calculate the remainder when 1070 is divided by 40.
30
Calculate the remainder when 7960 is divided by 660.
40
Calculate the remainder when 23277 is divided by 2874.
285
What is the remainder when 3336155 is divided by 31?
28
Calculate the remainder when 117448 is divided by 695.
688
Calculate the remainder when 2187 is divided by 15.
12
What is the remainder when 195291 is divided by 97645?
1
Calculate the remainder when 240447 is divided by 229.
226
What is the remainder when 974 is divided by 178?
84
What is the remainder when 10846 is divided by 2169?
1
What is the remainder when 61094 is divided by 1071?
47
Calculate the remainder when 114945 is divided by 50.
45
Calculate the remainder when 26395 is divided by 30.
25
What is the remainder when 1895 is divided by 63?
5
Calculate the remainder when 808 is divided by 561.
247
What is the remainder when 1802 is divided by 1700?
102
What is the remainder when 578883 is divided by 64320?
3
What is the remainder when 14600 is divided by 2913?
35
Calculate the remainder when 29708 is divided by 123.
65
What is the remainder when 21389 is divided by 74?
3
Calculate the remainder when 62166 is divided by 12418.
76
What is the remainder when 679582 is divided by 389?
388
Calculate the remainder when 172389 is divided by 1626.
33
Calculate the remainder when 106911 is divided by 11.
2
Calculate the remainder when 9029 is divided by 2991.
56
What is the remainder when 8503 is divided by 303?
19
Calculate the remainder when 203297 is divided by 7.
3
Calculate the remainder when 77628 is divided by 231.
12
What is the remainder when 15252 is divided by 737?
512
Calculate the remainder when 76406 is divided by 8.
6
What is the remainder when 2435 is divided by 57?
41
Calculate the remainder when 101187 is divided by 872.
35
What is the remainder when 50817 is divided by 60?
57
What is the remainder when 3390 is divided by 68?
58
Calculate the remainder when 2197 is divided by 428.
57
What is the remainder when 7730 is divided by 234?
8
Calculate the remainder when 8331 is divided by 36.
15
Calculate the remainder when 178073 is divided by 30.
23
Calculate the remainder when 10525 is divided by 195.
190
Calculate the remainder when 159755 is divided by 159731.
24
Calculate the remainder when 28696 is divided by 9541.
73
Calculate the remainder when 4131 is divided by 258.
3
Calculate the remainder when 75006 is divided by 1923.
9
Calculate the remainder when 54631 is divided by 35.
31
What is the remainder when 976990 is divided by 67?
63
What is the remainder when 277965 is divided by 46326?
9
What is the remainder when 39660 is divided by 525?
285
What is the remainder when 6180 is divided by 472?
44
What is the remainder when 59884 is divided by 688?
28
Calculate the remainder when 2899 is divided by 417.
397
What is the remainder when 1293 is divided by 493?
307
What is the remainder when 201157 is divided by 23?
22
What is the remainder when 5722 is divided by 2821?
80
Calculate the remainder when 6624 is divided by 447.
366
Calculate the remainder when 12669 is divided by 1722.
615
What is the remainder when 943 is divided by 102?
25
What is the remainder when 248669 is divided by 124332?
5
What is the remainder when 3974 is divided by 64?
6
What is the remainder when 3639 is divided by 25?
14
Calculate the remainder when 34236 is divided by 233.
218
What is the remainder when 105741 is divided by 13215?
21
Calculate the remainder when 518640 is divided by 1011.
1008
What is the remainder when 2920069 is divided by 949?
945
What is the remainder when 2922 is divided by 814?
480
Calculate the remainder when 6078 is divided by 3039.
0
Calculate the remainder when 31858 is divided by 678.
670
What is the remainder when 2519 is divided by 10?
9
What is the remainder when 13148 is divided by 12?
8
Calculate the remainder when 395387 is divided by 38.
35
What is the remainder when 4098 is divided by 2019?
60
Calculate the remainder when 101988 is divided by 79.
78
What is the remainder when 4947 is divided by 108?
87
Calculate the remainder when 50225 is divided by 3.
2
What is the remainder when 5650 is divided by 97?
24
Calculate the remainder when 240772 is divided by 40119.
58
Calculate the remainder when 7312 is divided by 1031.
95
Calculate the remainder when 2618357 is divided by 98.
91
Calculate the remainder when 6963 is divided by 58.
3
Calculate the remainder when 2628 is divided by 1207.
214
What is the remainder when 607754 is divided by 5?
4
What is the remainder when 48836 is divided by 56?
4
What is the remainder when 40394 is divided by 950?
494
What is the remainder when 1055 is divided by 1043?
12
What is the remainder when 332982 is divided by 142?
134
Calculate the remainder when 79575 is divided by 31.
29
Calculate the remainder when 78067 is divided by 154.
143
What is the remainder when 25600 is divided by 220?
80
Calculate the remainder when 23263 is divided by 646.
7
What is the remainder when 107410 is divided by 461?
458
Calculate the remainder when 23755 is divided by 144.
139
Calculate the remainder when 114480 is divided by 1487.
1468
What is the remainder when 64316 is divided by 240?
236
Calculate the remainder when 768153 is divided by 335.
333
Calculate the remainder when 331432 is divided by 30.
22
Calculate the remainder when 50355 is divided by 8.
3
Calculate the remainder when 139898 is divided by 83.
43
Calculate the remainder when 559722 is divided by 5.
2
Calculate the remainder when 737096 is divided by 108.
104
What is the remainder when 1680071 is divided by 95?
91
What is the remainder when 11253 is divided by 325?
203
Calculate the remainder when 629 is divided by 85.
34
Calculate the remainder when 22242 is divided by 195.
12
What is the remainder when 8376 is divided by 698?
0
What is the remainder when 140488 is divided by 10?
8
What is the remainder when 31674 is divided by 144?
138
Calculate the remainder when 49244 is divided by 16414.
2
What is the remainder when 12096 is divided by 4030?
6
Calculate the remainder when 137850 is divided by 159.
156
Calculate the remainder when 2184 is divided by 10.
4
Calculate the remainder when 29715 is divided by 391.
390
What is the remainder when 56399 is divided by 18671?
386
Calculate the remainder when 2517 is divided by 836.
9
Calculate the remainder when 48774 is divided by 16194.
192
What is the remainder when 12842 is divided by 6376?
90
What is the remainder when 568002 is divided by 579?
3
What is the remainder when 9 is divided by 3?
0
What is the remainder when 757465 is divided by 359?
334
What is the remainder when 58819 is divided by 4524?
7
What is the remainder when 3091 is divided by 1024?
19
What is the remainder when 1565463 is divided by 21?
18
Calculate the remainder when 955169 is divided by 65.
59
What is the remainder when 425 is divided by 71?
70
What is the remainder when 15544 is divided by 964?
1